{"id":1632,"date":"2026-02-20T08:42:09","date_gmt":"2026-02-20T08:42:09","guid":{"rendered":"http:\/\/rpprojektai.lt\/b\/?page_id=1632"},"modified":"2026-02-20T08:42:23","modified_gmt":"2026-02-20T08:42:23","slug":"dirbtinio-intelekto-sprendimu-vystymas","status":"publish","type":"page","link":"http:\/\/rpprojektai.lt\/b\/dirbtinio-intelekto-sprendimu-vystymas\/","title":{"rendered":"Dirbtinio intelekto sprendim\u0173 vystymas"},"content":{"rendered":"<div data-spectra-id=\"a0b3a546\"\tstyle=\"overflow: visible; --spectra-background-color: var(--ast-global-color-4);\" class=\"spectra-is-root-container alignfull spectra-overlay-color spectra-overflow spectra-background-color wp-block-spectra-container\" data-orientation=\"vertical\"\t>\n\t\n<div data-spectra-id=\"spectra-mhly2vvk-sh5317\" style=\"overflow: visible\" class=\"spectra-overlay-color spectra-overflow wp-block-spectra-container\" data-orientation=\"vertical\">\n\t\n\t<h3 data-spectra-id=\"spectra-cfdb72a0-heading\" style=\"--spectra-background-color-hover: var(u002du002dast-global-color-4)\" class=\"spectra-background-color-hover wp-block-spectra-content\">\n\t\t<strong>Dirbtinio intelekto sprendim\u0173 vystymas<\/strong>\t<\/h3>\n\n<\/div>\n\n<\/div>\n\n\n\n<p><\/p>\n\n\n\n<p>Finansuojama iki 80% tinkam\u0173 i\u0161laid\u0173<\/p>\n\n\n\n<p>Did\u017eiausia galima projektui skirti finansavimo l\u0117\u0161\u0173 suma yra 138.000 Eur<\/p>\n\n\n\n<p><strong>Dirbtinio intelekto produktas ir (arba) sprendimas<\/strong>&nbsp;(toliau \u2013 DI produktas ir (arba) sprendimas) \u2013 galutiniam vartotojui skirtas dirbtinio intelekto produktas ir (arba) sprendimas, kuriame kaip pagrindinis elementas naudojama viena ar daugiau dirbtinio intelekto sistem\u0173.<\/p>\n\n\n\n<p>Dirbtinio intelekto produktas ir (arba) sprendimas suprantamas kaip prek\u0117 (materialusis ar nematerialusis turtas) ir (arba) paslauga.<\/p>\n\n\n\n<p>Dirbtinio intelekto produktas ir (arba) sprendimas negali b\u016bti skirtas tik parei\u0161k\u0117jui ar kitam konkre\u010diam fiziniam ar juridiniam asmeniui,&nbsp;<strong>turi b\u016bti tinkamas ir kitiems galutiniams vartotojams rinkoje<\/strong>.&nbsp;<\/p>\n\n\n\n<p>Remiama veikla yra DI produkt\u0173 ir (arba) sprendim\u0173, tinkan\u010di\u0173 ne tik parei\u0161k\u0117jui, bet ir kitiems galutiniams vartotojams rinkoje, vystymas:<br>1. pristatoma DI produkto ir (arba) sprendimo&nbsp;<strong>id\u0117ja<\/strong>, pateikiamas b\u016bsimo DI produkto ir (arba) sprendimo&nbsp;<strong>apra\u0161ymas<\/strong>&nbsp;ir jo suk\u016brimo koncepcija ir&nbsp;pateikiami&nbsp;<strong>dokumentai<\/strong>, \u012frodantys, kad buvo sukurta veikianti DI produkto ir (arba) sprendimo&nbsp;<strong>bandomoji versija<\/strong>, atitinkanti minimaliai gyvybingo DI&nbsp;produkto ir (arba) sprendimo samprat\u0105;<br>2. sukuriamas i\u0161vystytas DI produktas ir (arba) sprendimas ir&nbsp;<strong>pateikiamas \u012f rink\u0105<\/strong>. Pateikimas \u012f rink\u0105 apima veiklas, kurios b\u016btinos norint parengti DI&nbsp;produkt\u0105 ir (arba) sprendim\u0105 pardavimui.<\/p>\n\n\n\n<p>Did\u017eiausia ir ma\u017eiausia galima projektui skirti finansavimo l\u0117\u0161\u0173 suma yra:<br>1. jei vykdoma 1&nbsp;veikla, did\u017eiausia galima projektui skirti finansavimo l\u0117\u0161\u0173 suma yra 78.000 Eur,&nbsp;ma\u017eiausia \u2013 20.000 Eur.<br>2. jei vykdoma&nbsp;2&nbsp;veikla, did\u017eiausia galima projektui skirti finansavimo l\u0117\u0161\u0173 suma yra 138.000 Eur, ma\u017eiausia \u2013 40.000 Eur.<\/p>\n\n\n\n<p><strong>Atrankos kriterijai<\/strong><\/p>\n\n\n\n<p>1.&nbsp;Parei\u0161k\u0117jas yra&nbsp;ne trumpiau&nbsp;kaip dvejus metus veikianti&nbsp;MV\u012e ir jos metin\u0117s pardavimo<strong>&nbsp;pajamos<\/strong>&nbsp;per pastaruosius dvejus finansinius metus&nbsp;ne ma\u017eesn\u0117s kaip&nbsp;<strong>145.000 Eur<\/strong>.<br>2.&nbsp;Parei\u0161k\u0117jo pagrindin\u0117&nbsp;vykdoma veikla priskiriama<strong>&nbsp;B sekcijai<\/strong>&nbsp;\u201eKasyba ir&nbsp;karjer\u0173&nbsp;eksploatavimas\u201c&nbsp;(i\u0161skyrus \u0161ias ekonomines veiklas:&nbsp;B sekcijos 06 skyriaus&nbsp;\u201e\u017dalios naftos ir<br>gamtini\u0173 duj\u0173 gavyba\u201c, B sekcijos 08.92 klas\u0117s \u201eDurpi\u0173 gavyba\u201c ir B sekcijos&nbsp;09.1 grup\u0117s \u201eSu naftos ir gamtini\u0173 duj\u0173 gavyba susijusi\u0173 paslaug\u0173 veikla\u201c) ir (arba) C sekcijai \u201eApdirbamoji gamyba\u201c (i\u0161skyrus C sekcijos 19 skyriaus \u201eKokso ir rafinuot\u0173&nbsp;naftos produkt\u0173 gamyba\u201c ekonomin\u0119 veikl\u0105) ir (arba)&nbsp;<strong>J sekcijai<\/strong>&nbsp;\u201eLeidyba, transliavimas ir turinio k\u016brimo ir platinimo veikla\u201c.<br>3.&nbsp;Numatomas (-i)&nbsp;kurti DI&nbsp;produktas (-ai) ir (arba)&nbsp;sprendimas (-ai)&nbsp;atitinka vien\u0105 i\u0161&nbsp;DI sri\u010di\u0173 (<strong>ma\u0161ininis&nbsp;mokymasis,&nbsp;kompiuterin\u0117 rega, i\u0161manioji robotika ir&nbsp;automatizavimas,&nbsp;<\/strong><strong>nat\u016bralios kalbos apdorojimas, skaitmeniniai dvyniai<\/strong>).<br>4.&nbsp;Numatomo (-\u0173)&nbsp;kurti DI produkto (-\u0173) ir (arba) sprendimo (-\u0173)&nbsp;<strong>i\u0161vystymo lygis<\/strong>&nbsp;pagal pasiekt\u0105 stadij\u0105 &#8211;&nbsp;30 bal\u0173.<br>5.&nbsp;Kuriant DI&nbsp;produkt\u0105 (-us) ir&nbsp;(arba) sprendim\u0105 (-us), bus&nbsp;naudojama&nbsp;<strong>didelio na\u0161umo&nbsp;skai\u010diavimo (HPC) infrastrukt\u016bra ir (arba) didieji duomenys &#8211;<\/strong>&nbsp;25 balai.<br>Projektams, kuriuose&nbsp;naudojami vie\u0161i DI modeliai (pvz.:&nbsp;<strong>ChatGPT<\/strong>, Gemini, Copilot ir kt.) ar HPC&nbsp;infrastrukt\u016bra (tiesiogiai, per programavimo s\u0105saj\u0105&nbsp;(API) ar pan.) be&nbsp;papildomo modeli\u0173&nbsp;mokymo ar integracijos su \u012fmon\u0117s&nbsp;sistemomis,&nbsp;<strong>prioritetinis balas&nbsp;n\u0117ra skiriamas<\/strong>; jei DI&nbsp;produktas ir (arba)&nbsp;sprendimas veikia tik&nbsp;kaip vartotojo s\u0105saja,&nbsp;siun\u010dianti u\u017eklausas \u012f&nbsp;DI model\u012f per API,&nbsp;prioritetinis balas taip&nbsp;pat neskiriamas.<br>6.&nbsp;Parei\u0161k\u0117jas per&nbsp;paskutinius&nbsp;2 metus&nbsp;yra \u012fgyvendin\u0119s bent&nbsp;1 projekt\u0105, skirt\u0105 inovatyvi\u0173 DI&nbsp;produkt\u0173 ir&nbsp;(arba) sprendim\u0173 k\u016brimui, ir u\u017e t\u0173 DI produkt\u0173 ir (arba) sprendim\u0173&nbsp;pardavim\u0105 gav\u0119s&nbsp;ne ma\u017eiau kaip&nbsp;50.000 Eur pajam\u0173 &#8211;&nbsp;25 balai.<br>7.&nbsp;Projekto&nbsp;\u012fgyvendinimo&nbsp;metu numatomo (-\u0173) sukurti DI produkto (-\u0173) ir (arba) sprendimo (-\u0173)&nbsp;<strong>naujumo lygis &#8211;&nbsp;<\/strong>20 bal\u0173.<\/p>\n","protected":false},"excerpt":{"rendered":"<p>Finansuojama iki 80% tinkam\u0173 i\u0161laid\u0173 Did\u017eiausia galima projektui skirti finansavimo l\u0117\u0161\u0173 suma yra 138.000 Eur Dirbtinio intelekto produktas ir (arba) [&hellip;]<\/p>\n","protected":false},"author":1,"featured_media":0,"parent":0,"menu_order":0,"comment_status":"closed","ping_status":"closed","template":"","meta":{"_uag_custom_page_level_css":"","site-sidebar-layout":"right-sidebar","site-content-layout":"","ast-site-content-layout":"default","site-content-style":"default","site-sidebar-style":"default","ast-global-header-display":"","ast-banner-title-visibility":"","ast-main-header-display":"","ast-hfb-above-header-display":"","ast-hfb-below-header-display":"","ast-hfb-mobile-header-display":"","site-post-title":"disabled","ast-breadcrumbs-content":"","ast-featured-img":"","footer-sml-layout":"","ast-disable-related-posts":"","theme-transparent-header-meta":"enabled","adv-header-id-meta":"","stick-header-meta":"","header-above-stick-meta":"","header-main-stick-meta":"","header-below-stick-meta":"","astra-migrate-meta-layouts":"default","ast-page-background-enabled":"default","ast-page-background-meta":{"desktop":{"background-color":"var(--ast-global-color-4)","background-image":"","background-repeat":"repeat","background-position":"center center","background-size":"auto","background-attachment":"scroll","background-type":"","background-media":"","overlay-type":"","overlay-color":"","overlay-opacity":"","overlay-gradient":""},"tablet":{"background-color":"","background-image":"","background-repeat":"repeat","background-position":"center center","background-size":"auto","background-attachment":"scroll","background-type":"","background-media":"","overlay-type":"","overlay-color":"","overlay-opacity":"","overlay-gradient":""},"mobile":{"background-color":"","background-image":"","background-repeat":"repeat","background-position":"center center","background-size":"auto","background-attachment":"scroll","background-type":"","background-media":"","overlay-type":"","overlay-color":"","overlay-opacity":"","overlay-gradient":""}},"ast-content-background-meta":{"desktop":{"background-color":"var(--ast-global-color-5)","background-image":"","background-repeat":"repeat","background-position":"center center","background-size":"auto","background-attachment":"scroll","background-type":"","background-media":"","overlay-type":"","overlay-color":"","overlay-opacity":"","overlay-gradient":""},"tablet":{"background-color":"var(--ast-global-color-5)","background-image":"","background-repeat":"repeat","background-position":"center center","background-size":"auto","background-attachment":"scroll","background-type":"","background-media":"","overlay-type":"","overlay-color":"","overlay-opacity":"","overlay-gradient":""},"mobile":{"background-color":"var(--ast-global-color-5)","background-image":"","background-repeat":"repeat","background-position":"center center","background-size":"auto","background-attachment":"scroll","background-type":"","background-media":"","overlay-type":"","overlay-color":"","overlay-opacity":"","overlay-gradient":""}},"footnotes":""},"class_list":["post-1632","page","type-page","status-publish","hentry"],"uagb_featured_image_src":{"full":false,"thumbnail":false,"medium":false,"medium_large":false,"large":false,"1536x1536":false,"2048x2048":false},"uagb_author_info":{"display_name":"Regionu pletros projektai","author_link":"http:\/\/rpprojektai.lt\/b\/author\/regionu-pletros-projektai\/"},"uagb_comment_info":0,"uagb_excerpt":"Finansuojama iki 80% tinkam\u0173 i\u0161laid\u0173 Did\u017eiausia galima projektui skirti finansavimo l\u0117\u0161\u0173 suma yra 138.000 Eur Dirbtinio intelekto produktas ir (arba) [&hellip;]","_links":{"self":[{"href":"http:\/\/rpprojektai.lt\/b\/wp-json\/wp\/v2\/pages\/1632","targetHints":{"allow":["GET"]}}],"collection":[{"href":"http:\/\/rpprojektai.lt\/b\/wp-json\/wp\/v2\/pages"}],"about":[{"href":"http:\/\/rpprojektai.lt\/b\/wp-json\/wp\/v2\/types\/page"}],"author":[{"embeddable":true,"href":"http:\/\/rpprojektai.lt\/b\/wp-json\/wp\/v2\/users\/1"}],"replies":[{"embeddable":true,"href":"http:\/\/rpprojektai.lt\/b\/wp-json\/wp\/v2\/comments?post=1632"}],"version-history":[{"count":2,"href":"http:\/\/rpprojektai.lt\/b\/wp-json\/wp\/v2\/pages\/1632\/revisions"}],"predecessor-version":[{"id":1634,"href":"http:\/\/rpprojektai.lt\/b\/wp-json\/wp\/v2\/pages\/1632\/revisions\/1634"}],"wp:attachment":[{"href":"http:\/\/rpprojektai.lt\/b\/wp-json\/wp\/v2\/media?parent=1632"}],"curies":[{"name":"wp","href":"https:\/\/api.w.org\/{rel}","templated":true}]}}